ppose 2*z - 205817 = 5*p, -330005 = -5*z - 3*p + 184553. Is z a composite number?
False
Let u(k) = 5523*k + 3085. Is u(20) a composite number?
True
Suppose -62*i + 253888 = -54*i. Suppose 1181*d = 1185*d - i. Is d a composite number?
True
Suppose 3*l + 2185 = y, 1460 = -2*l + 58*y - 54*y. Let o(z) = 634*z + 1. Let g be o(2). Let q = l + g. Is q prime?
True
Let s = -347 - -103. Let p = s + 1281. Is p a prime number?
False
Is (-12)/2 + (-173 - -467310) composite?
True
Let g = 66 + -137. Let i = 60 + g. Let w(d) = -3*d + 25. Is w(i) a prime number?
False
Let h(z) = z**2 + z - 28. Let s be h(-30). Is (s/(-8))/(-3*5/180) a prime number?
False
Let v = 1965388 - 756461. Is v prime?
True
Let s(g) = 61*g + 85. Let l be s(31). Suppose -4*z + 4632 = 4*z. Let h = l - z. Is h prime?
False
Let d(b) = -123*b + 251. Let v be d(2). Let h = 3574 + -2038. Suppose -s - y = -933, 4*s + v*y - h = 2192. Is s prime?
True
Let h(d) = -16*d**2 + 252*d - 43. Let u be h(19). Suppose -2*s + 2*n - 1218 = 0, 12 = -2*n - 2*n. Let l = s - u. Is l composite?
False
Let c = 3448 + 1874. Suppose c = 2*l - 3*b + b, 0 = -4*l - b + 10634. Is l a prime number?
True
Let k = -46 - -41. Let w be k/20 + 3114/8. Let n = 736 - w. Is n a prime number?
True
Let j = 9 - 7. Suppose 0 = -j*t, 0*t - 2*t + 12 = 3*x. Suppose x*w + 2*y - 2707 = -3*y, -12 = -4*y. Is w composite?
False
Let v(s) = s**3 - 6*s**2 - 6*s - 3. Let k be v(7). Suppose -2*f + 5 = -p, f - 4*p = -5*p + k. Is (f - 3 - 1) + 119 prime?
False
Let l = 46522 + 39327. Is l composite?
True
Suppose 1197*x = 1185*x + 414708. Is x prime?
False
Let i = -929927 - -1897416. Is i a prime number?
False
Suppose 4*h = 9*t - 5*t, -5*h + 6 = -2*t. Is ((-2)/2)/((2/(-6779))/t) composite?
False
Suppose -211*w + 176*w = -675535. Is w a composite number?
False
Suppose -m + 399777 = 4*x, -400*x + 403*x - 299849 = -4*m. Is x a prime number?
False
Suppose 17*q - 156492 - 315372 = 95545. Is q composite?
False
Suppose -4*z = b - 15, 0 = -2*b + 1 + 5. Suppose 2*x = 3*d - 2*x - 8, x = z*d - 2. Is 631 + 0/(-1) + d a composite number?
False
Suppose 2*r - 4*p + 13 = r, 4 = 2*r - 2*p. Let w(u) = 3*u**2 + 84*u + 4. Let l be w(-28). Suppose -l*t + 1127 = f, 0 = -3*f - 5*t + r*t + 3339. Is f composite?
True
Let k(o) = -o**3 + 17*o**2 + 4*o + 1. Let v be 2/(2 - 56/30). Is k(v) composite?
True
Suppose 32265490 = 120*b + 50*b. Is b composite?
False
Let b = -2 - -10. Let z(q) = -2*q + 23. Let d be z(b). Is 2/d - (-9138)/28*2 a prime number?
True
Let x(g) = -6*g**3 + 8*g**2 - 8*g - 1. Let z(v) = 2*v + 10. Let m be z(-3). Suppose 0*y + m*y = -4*k - 44, 0 = y + 3. Is x(k) prime?
False
Let p(q) = q**3 + 18*q**2 - 64*q - 17. Let z be p(-21). Suppose 5*w = -z*o - o + 5690, 4*w - 1153 = -o. Is o a prime number?
False
Suppose -40*f + 56 = -33*f. Is ((-4)/(4/(-1979)))/(f/8) composite?
False
Let j(n) = -1162*n + 53. Let z be j(3). Let w = 10670 + z. Is w composite?
False
Suppose -76 = -11*f - 32. Suppose f*p = 3*l - 30041, 3*l - 50015 = -2*l - 4*p. Is l a prime number?
True
Let g = 1260 + -873. Suppose 381*w + 28218 = g*w. Is w composite?
False
Let l(v) = 11*v**3 + 12*v**2 - 3*v - 1. Let c be l(7). Suppose -o - 4*h + 4319 = -7*h, 2*h = -o + c. Is o a prime number?
False
Suppose 2*p + 72 = -2*p. Let t = p - -21. Suppose 4*a - 1769 = -3*h, -t*a = -5*h - 1570 + 207. Is a a prime number?
False
Let k = 237279 - 55960. Is k a prime number?
False
Is 2172372/20 + 12 - 6/(-15) a prime number?
True
Suppose 47*d + 33*d - 845115 - 2242325 = 0. Is d a prime number?
True
Suppose 0 = -54*y + 53*y - 2*a + 203411, 5*y - 1017082 = -a. Is y composite?
False
Is (13 + -15)/(24/(-5576892)) a composite number?
False
Is 19385/((2 + (-5 - -4))*1) prime?
False
Let i(t) = 87*t**3 - 25*t**2 + 4*t - 17. Is i(11) composite?
False
Is (-1 + -11 + 19007/1603)*(-125571 - 2) a prime number?
True
Suppose 0 = a + 5*h - 493808, 304*h = a + 305*h - 493796. Is a a prime number?
True
Suppose -3*w = 4*y + 7783 - 28542, -3*y - 34550 = -5*w. Is w a composite number?
True
Suppose 0 = -40*d + 1356208 + 12989112. Is d composite?
True
Suppose -5*n - 75 = -2*m, -4*n + 7 = m - 50. Let l = -43 + m. Is l/(-3) - (-7)/((-63)/(-5847)) a composite number?
True
Suppose 73572 = 35*j - 203173. Is j a prime number?
True
Let u = -1733 - -4300. Is u prime?
False
Let h be ((-52)/39)/(8/(-23286)). Let g(d) = -145*d + 12. Let y be g(-18). Let m = h - y. Is m a composite number?
False
Let u(a) = -37223*a - 2053. Is u(-10) a prime number?
False
Let l(x) = -697*x**3 - 9*x**2 - 34*x - 46. Is l(-3) prime?
False
Let f = 1049870 - -1506933. Is f a composite number?
False
Let l(g) = -5*g**3 - 27*g**2 + 177*g + 6. Is l(-23) composite?
False
Let c(r) = 4*r**2 - 35*r + 10. Suppose 2*w + 5 = -17. Is c(w) prime?
False
Let s = 39009 - 21740. Is s composite?
True
Let s(w) = w**3 + 7*w**2 - 19*w + 16. Let g be s(-9). Let l = 358 + -162. Suppose -i = -5*n - l, i - g = -5*n + 161. Is i prime?
True
Let t = -35 - -40. Suppose -t = u - 4*v - 6, -5*u - 10 = -5*v. Is (-1)/1*(0 + 6999/u) a prime number?
True
Suppose 9 = -3*v, -5*v = 3*a - 317068 - 130835. Is a prime?
False
Let s be (-22)/(-4) - (-2)/(-4). Suppose s*p - 15*p + 10410 = 0. Let n = 2480 - p. Is n a composite number?
False
Let t = 143724 - -29519. Is t a prime number?
False
Let c = -69602 - -198181. Is c a prime number?
False
Let i = 18 + -54. Let u = i - -37. Let d(p) = 53*p**3 + 2*p**2 - 2*p. Is d(u) a composite number?
False
Let z = 105 - 49. Suppose 2*i + 5*i + z = 0. Is (i + 5)*(-3489)/9 a prime number?
True
Let m = -739 - -739. Suppose -9*n = 5*y - 12*n - 188890, m = -5*y - 5*n + 188930. Is y composite?
False
Suppose 20*k = 2*l + 15*k - 23944, -l = 2*k - 11954. Suppose 2*z - l = v + 3*v, v = -4*z + 23924. Is z a prime number?
True
Let i(q) = -q**3 - 48*q**2 - 93*q - 679. Is i(-66) composite?
True
Let i = -352285 - -536336. Is i composite?
True
Let n be (0 - 0)/(5 - 7). Suppose n = j - 187 - 2505. Is (2*j/8)/1 a prime number?
True
Let y(h) = -2379*h**3 + 5*h**2 + 87*h + 416. Is y(-9) a composite number?
True
Let w be (-2 - 0)*(-18)/6. Let f be 1493 - (2 - (-3 + w)). Suppose -z + 2*q + f + 79 = 0, 0 = -z - 3*q + 1583. Is z prime?
False
Let s = -13473 + 33712. Is s composite?
True
Let q be (-3 - 21/(-6))/(5/614890). Let v = q + 27208. Is v a composite number?
True
Let q = 0 + -45. Let l = -42 - q. Is (16 + -5)*(4 - l) a composite number?
False
Let f(z) = 1248*z**2 - 47*z + 29. Is f(-6) a prime number?
False
Suppose -a = -4*v - 54615, 3*a - 2*a - 3*v - 54614 = 0. Is a a composite number?
True
Suppose 4*l + 10 = -10, -3*t = 2*l - 681251. Is t composite?
True
Suppose -26*w = -614619 - 1493695. Is w a composite number?
True
Suppose 5*c + 0 = 2*q + 8, -2*c + 4*q + 16 = 0. Suppose 4*t + c*t = 5*d + 1771, -t + 424 = 5*d. Is t a prime number?
True
Suppose 0 = -n + 6, 5*p + 1192*n - 1194*n = 9044063. Is p a composite number?
True
Is 4*125183*(-32)/(20 - 148) composite?
False
Let f = 284 + -267. Suppose 0 = -f*c - c + 48042. Is c prime?
False
Let x(j) = 27041*j**3 - j**2 - j + 2. Let b be x(1). Suppose -6*r + b = -1375. Suppose 6540 + r = 4*w. Is w a prime number?
True
Let v = -32 - -56. Let d be -18*844/v*-8. Suppose -13*x = -8833 - d. Is x a prime number?
True
Suppose 13*g = 16*g - 1140. Let u = g + -217. Let i = -96 + u. Is i prime?
True
Let s(n) = n**3 - 3*n**2 + 8*n - 4. Let b be s(3). Suppose -27943 = b*m - 80123. Is m prime?
True
Let u = -2698 - -7505. Let z = u + -2828. Is z a prime number?
True
Let l(z) = -34448*z - 3369. Is l(-17) a prime number?
True
Let y(f) = -34*f**3 - 3*f**2 - f - 2. Let h be y(-2). Let p(a) = 44*a - 7. Let z be p(-4). Let s = h - z. Is s a composite number?
False
Let f be 1 - -1 - (-3 - -11). Let u be ((-1)/(3/f))/((-1)/2). Is ((-16491)/(-27) - 0) + u/(-18) a prime number?
False
Let v(t) = -t**3 + 11*t**2 - 17*t - 4. Let w be v(9). Suppose 3*b = -4*d + 12109, -d + 20171 = 5*b - w*d. Suppose 0 = -7*f + 4*f + b. Is f composite?
True
Let v(b) be the second derivative of -91*b**3/3 - 25*b**2/2 - 2*b - 22. Is v(-4) composite?
True
Let s(j) = j**2 + 10*j - 3. Let n be s(-3). Let a(t) = -22*t + 6*t**2 + 5*t - 3 + 1 - 29. Is a(n) a composite number?
False
Let d be (2 - (-33)/(-12))/((-1)/(-4)). Let p be ((-15)/(-20))/d + (-2561)/(-4). Suppose 4*o - 628 = -4*x - 0*o, 4*x = -o + p. Is 